
58
What is the remainder when 465 is divided by 155?
0
Calculate the remainder when 24117 is divided by 51.
45
Calculate the remainder when 3612 is divided by 822.
324
Calculate the remainder when 376482 is divided by 92.
18
What is the remainder when 108603 is divided by 36161?
120
What is the remainder when 311530 is divided by 131?
12
Calculate the remainder when 115212 is divided by 48.
12
What is the remainder when 218782 is divided by 24309?
1
What is the remainder when 4336 is divided by 118?
88
Calculate the remainder when 66885 is divided by 320.
5
Calculate the remainder when 243 is divided by 166.
77
Calculate the remainder when 24136 is divided by 262.
32
What is the remainder when 655433 is divided by 117?
116
What is the remainder when 475 is divided by 274?
201
Calculate the remainder when 30524 is divided by 7621.
40
Calculate the remainder when 6003 is divided by 651.
144
What is the remainder when 59421 is divided by 9898?
33
Calculate the remainder when 25815 is divided by 1029.
90
What is the remainder when 1709 is divided by 139?
41
Calculate the remainder when 31546 is divided by 332.
6
What is the remainder when 15346 is divided by 15337?
9
Calculate the remainder when 2171 is divided by 738.
695
Calculate the remainder when 11502 is divided by 11.
7
What is the remainder when 31358 is divided by 31354?
4
Calculate the remainder when 179 is divided by 100.
79
What is the remainder when 2297 is divided by 601?
494
What is the remainder when 20634 is divided by 34?
30
What is the remainder when 6735963 is divided by 347?
346
What is the remainder when 10828 is divided by 39?
25
What is the remainder when 334222 is divided by 3183?
7
Calculate the remainder when 846999 is divided by 280.
279
Calculate the remainder when 527435 is divided by 4.
3
Calculate the remainder when 100652 is divided by 366.
2
What is the remainder when 19493 is divided by 1733?
430
Calculate the remainder when 105255 is divided by 52625.
5
What is the remainder when 5608 is divided by 1120?
8
What is the remainder when 4973 is divided by 1593?
194
What is the remainder when 114828 is divided by 85?
78
What is the remainder when 2869692 is divided by 41?
20
Calculate the remainder when 4108 is divided by 213.
61
What is the remainder when 558 is divided by 255?
48
Calculate the remainder when 9900 is divided by 1472.
1068
What is the remainder when 217346 is divided by 10?
6
What is the remainder when 48901 is divided by 211?
160
What is the remainder when 422950 is divided by 140979?
13
What is the remainder when 1068 is divided by 371?
326
What is the remainder when 789 is divided by 13?
9
Calculate the remainder when 52914 is divided by 1256.
162
Calculate the remainder when 434352 is divided by 70.
2
What is the remainder when 3989 is divided by 1988?
13
Calculate the remainder when 4303 is divided by 757.
518
What is the remainder when 39465 is divided by 78?
75
Calculate the remainder when 38407 is divided by 23.
20
What is the remainder when 1594 is divided by 60?
34
What is the remainder when 6469 is divided by 166?
161
Calculate the remainder when 508186 is divided by 127043.
14
Calculate the remainder when 8120 is divided by 349.
93
What is the remainder when 13096 is divided by 6537?
22
Calculate the remainder when 167580 is divided by 277.
272
What is the remainder when 1068 is divided by 101?
58
Calculate the remainder when 3575 is divided by 3536.
39
What is the remainder when 13620 is divided by 479?
208
Calculate the remainder when 9883 is divided by 130.
3
What is the remainder when 495891 is divided by 195?
6
Calculate the remainder when 25642 is divided by 106.
96
Calculate the remainder when 13892 is divided by 323.
3
What is the remainder when 348463 is divided by 37?
34
Calculate the remainder when 2307888 is divided by 130.
128
What is the remainder when 14378 is divided by 1293?
155
Calculate the remainder when 2793 is divided by 539.
98
What is the remainder when 12927 is divided by 39?
18
What is the remainder when 24729 is divided by 339?
321
Calculate the remainder when 1661 is divided by 49.
44
Calculate the remainder when 8910 is divided by 544.
206
What is the remainder when 3585 is divided by 144?
129
What is the remainder when 37985 is divided by 314?
305
Calculate the remainder when 55636 is divided by 29.
14
Calculate the remainder when 2057488 is divided by 28.
20
What is the remainder when 307 is divided by 154?
153
What is the remainder when 225 is divided by 40?
25
What is the remainder when 11280528 is divided by 415?
413
Calculate the remainder when 4204 is divided by 1228.
520
Calculate the remainder when 5885 is divided by 128.
125
Calculate the remainder when 30800 is divided by 6.
2
Calculate the remainder when 3342 is divided by 208.
14
What is the remainder when 5098 is divided by 420?
58
Calculate the remainder when 20490 is divided by 2915.
85
What is the remainder when 1200 is divided by 9?
3
Calculate the remainder when 59 is divided by 26.
7
What is the remainder when 2581 is divided by 46?
5
Calculate the remainder when 2472 is divided by 36.
24
Calculate the remainder when 4471 is divided by 4448.
23
Calculate the remainder when 487386 is divided by 583.
581
What is the remainder when 2721643 is divided by 271?
261
What is the remainder when 7378 is divided by 493?
476
What is the remainder when 2353 is divided by 620?
493
What is the remainder when 143326 is divided by 175?
1
Calculate the remainder when 7032 is divided by 3502.
28
What is the remainder when 5645 is divided by 808?
797
Calculate the remainder when 1439 is divided by 716.
7
Calculate the remainder when 1004 is divided by 53.
50
What is the remainder when 698 is divided by 77?
5
Calculate the remainder when 285583 is divided by 50.
33
Calculate the remainder when 4620 is divided by 18.
12
What is the remainder when 471 is divided by 13?
3
What is the remainder when 12350 is divided by 65?
0
Calculate the remainder when 4033 is divided by 4021.
12
Calculate the remainder when 5939 is divided by 2966.
7
Calculate the remainder when 29618 is divided by 375.
368
What is the remainder when 109382 is divided by 42?
14
What is the remainder when 604506 is divided by 10?
6
What is the remainder when 11994 is divided by 343?
332
Calculate the remainder when 14780 is divided by 125.
30
Calculate the remainder when 2766 is divided by 24.
6
What is the remainder when 7029 is divided by 172?
149
Calculate the remainder when 20046 is divided by 373.
277
Calculate the remainder when 300507 is divided by 11.
9
What is the remainder when 6878 is divided by 98?
18
What is the remainder when 26052 is divided by 534?
420
What is the remainder when 12322 is divided by 6056?
210
What is the remainder when 28923 is divided by 258?
27
What is the remainder when 917 is divided by 159?
122
Calculate the remainder when 88056 is divided by 48.
24
What is the remainder when 7370 is divided by 388?
386
Calculate the remainder when 1330736 is divided by 3.
2
Calculate the remainder when 41150 is divided by 56.
46
Calculate the remainder when 61731 is divided by 129.
69
What is the remainder when 43385 is divided by 119?
69
What is the remainder when 7434 is divided by 102?
90
Calculate the remainder when 2917 is divided by 502.
407
Calculate the remainder when 4845 is divided by 1207.
17
What is the remainder when 11200 is divided by 111?
100
What is the remainder when 6401 is divided by 43?
37
Calculate the remainder when 10588 is divided by 98.
4
Calculate the remainder when 3212 is divided by 1758.
1454
What is the remainder when 45834 is divided by 2?
0
Calculate the remainder when 200091 is divided by 1042.
27
What is the remainder when 14394 is divided by 67?
56
What is the remainder when 79539 is divided by 93?
24
Calculate the remainder when 657 is divided by 102.
45
Calculate the remainder when 178186 is divided by 89091.
4
What is the remainder when 232508 is divided by 51?
50
Calculate the remainder when 3494 is divided by 24.
14
What is the remainder when 705 is divided by 354?
351
What is the remainder when 1922 is divided by 1490?
432
What is the remainder when 45669 is divided by 831?
795
What is the remainder when 124123 is divided by 77?
